st the prime factors of 334838929.
127, 2636527
List the prime factors of 24845246.
2, 197, 63059
List the prime factors of 83190848.
2, 13, 99989
What are the prime factors of 7237985094?
2, 3, 251, 379, 1409
What are the prime factors of 103686905?
5, 7, 2962483
What are the prime factors of 802630839?
3, 23, 73, 159347
List the prime factors of 548541154.
2, 7, 1901, 20611
What are the prime factors of 68597383?
29, 2365427
List the prime factors of 1432154536.
2, 89, 181, 11113
List the prime factors of 110742204.
2, 3, 251, 36767
List the prime factors of 449650970.
2, 5, 31, 1450487
List the prime factors of 147492024.
2, 3, 2213, 2777
List the prime factors of 80679760.
2, 5, 7, 144071
List the prime factors of 61587740.
2, 5, 19, 41, 59, 67
List the prime factors of 79459097.
271, 293207
What are the prime factors of 175823563?
175823563
List the prime factors of 1864580773.
11, 191, 809, 1097
List the prime factors of 189968382.
2, 3, 971, 3623
List the prime factors of 125646634.
2, 149, 421633
What are the prime factors of 490879457?
149, 3294493
List the prime factors of 178291433.
191, 933463
What are the prime factors of 5503444085?
5, 17, 47, 73, 113, 167
List the prime factors of 528218855.
5, 131, 337, 2393
What are the prime factors of 77302703?
907, 85229
What are the prime factors of 78608005?
5, 7, 71, 4519
List the prime factors of 35710931.
17, 509, 4127
What are the prime factors of 258649528?
2, 32331191
List the prime factors of 288605286.
2, 3, 47, 341141
List the prime factors of 42041322.
2, 3, 61, 12763
What are the prime factors of 6257301245?
5, 13, 983, 97931
What are the prime factors of 1793237?
1793237
What are the prime factors of 819195207?
3, 37, 881, 8377
List the prime factors of 1789800143.
1789800143
What are the prime factors of 78937935?
3, 5, 31, 53, 3203
What are the prime factors of 453883314?
2, 3, 673, 112403
List the prime factors of 18270147.
3, 7, 870007
What are the prime factors of 189277270?
2, 5, 7, 13, 207997
What are the prime factors of 241562611?
41, 337, 17483
List the prime factors of 484113945.
3, 5, 7, 4610609
What are the prime factors of 350810258?
2, 67, 2617987
What are the prime factors of 2267480853?
3, 11, 22903847
List the prime factors of 543553397.
10753, 50549
What are the prime factors of 466598477?
466598477
List the prime factors of 4983583666.
2, 173, 199, 72379
What are the prime factors of 1162060267?
5081, 228707
List the prime factors of 221062043.
221062043
What are the prime factors of 291801787?
17, 59, 4931
What are the prime factors of 10316782?
2, 7, 47, 15679
List the prime factors of 199065262.
2, 11, 757, 11953
What are the prime factors of 4405173735?
3, 5, 293678249
What are the prime factors of 236036675?
5, 7, 43, 4481
List the prime factors of 92631337.
92631337
List the prime factors of 808726363.
17, 839, 56701
List the prime factors of 154609553.
7, 43, 73379
List the prime factors of 336264883.
336264883
What are the prime factors of 6056029?
7, 17, 50891
List the prime factors of 571887930.
2, 3, 5, 103, 185077
List the prime factors of 96283068.
2, 3, 7, 193, 5939
List the prime factors of 292899689.
79, 227, 16333
What are the prime factors of 44365649?
41, 1082089
List the prime factors of 304182151.
7, 13, 477523
List the prime factors of 2195462366.
2, 7823, 140321
What are the prime factors of 98724215?
5, 2447, 8069
List the prime factors of 7579996843.
7579996843
What are the prime factors of 1866346803?
3, 207371867
List the prime factors of 1188139288.
2, 7, 21216773
List the prime factors of 203846066.
2, 101923033
What are the prime factors of 1310012522?
2, 7, 13, 467, 15413
What are the prime factors of 23495891?
23495891
List the prime factors of 518168729.
13, 39859133
What are the prime factors of 7462647934?
2, 7, 53, 10057477
What are the prime factors of 308207140?
2, 5, 1031, 14947
List the prime factors of 51226408.
2, 53, 120817
List the prime factors of 1742127308.
2, 2423, 179749
List the prime factors of 1756345613.
11, 3659, 3967
What are the prime factors of 555263057?
555263057
What are the prime factors of 312648221?
4549, 68729
What are the prime factors of 4162234159?
10831, 384289
What are the prime factors of 124354648?
2, 11, 307, 4603
What are the prime factors of 388224651?
3, 3329, 38873
List the prime factors of 108382129.
108382129
What are the prime factors of 105718672?
2, 23, 287279
List the prime factors of 57732968.
2, 29, 8581
What are the prime factors of 932501911?
11, 1951, 43451
What are the prime factors of 2950631992?
2, 7, 11, 4789987
What are the prime factors of 233600933?
227, 331, 3109
What are the prime factors of 415860171?
3, 17, 23, 41, 8647
List the prime factors of 4093057.
23, 251, 709
List the prime factors of 3546546930.
2, 3, 5, 4378453
List the prime factors of 665201683.
665201683
List the prime factors of 3686325228.
2, 3, 11377547
What are the prime factors of 263387978?
2, 7, 37, 508471
What are the prime factors of 1177410246?
2, 3, 196235041
What are the prime factors of 10344844?
2, 227, 11393
What are the prime factors of 18163486?
2, 11, 825613
What are the prime factors of 27795837?
3, 9265279
What are the prime factors of 97061040?
2, 3, 5, 134807
List the prime factors of 62332172.
2, 7, 2226149
What are the prime factors of 2148185791?
89, 24136919
What are the prime factors of 100956544?
2, 13, 359
What are the prime factors of 1610159?
773, 2083
List the prime factors of 582518191.
582518191
What are the prime factors of 1167484424?
2, 53, 2753501
List the prime factors of 2671594520.
2, 5, 7, 9541409
List the prime factors of 243492066.
2, 3, 13527337
List the prime factors of 7830936.
2, 3, 61, 1783
List the prime factors of 3669224710.
2, 5, 19, 29, 665921
List the prime factors of 334450419.
3, 111483473
What are the prime factors of 3949671315?
3, 5, 4271, 61651
What are the prime factors of 61283626?
2, 19, 1612727
What are the prime factors of 3884423?
53, 73291
List the prime factors of 532791581.
7, 76113083
What are the prime factors of 351459331?
351459331
List the prime factors of 1526994491.
11, 138817681
List the prime factors of 2273544956.
2, 41, 103, 134593
What are the prime factors of 1626115428?
2, 3, 7, 6452839
What are the prime factors of 19887428?
2, 11, 451987
What are the prime factors of 121691082?
2, 3, 20281847
What are the prime factors of 117278184?
2, 3, 19, 257189
List the prime factors of 89034275.
5, 11, 569
What are the prime factors of 305291125?
5, 41, 71, 839
What are the prime factors of 1158115137?
3, 53, 241, 30223
List the prime factors of 8293751.
8293751
List the prime factors of 2809977903.
3, 53, 131, 193, 233
What are the prime factors of 419708932?
2, 103, 1018711
List the prime factors of 336170778.
2, 3, 127, 441169
List the prime factors of 3434988.
2, 3, 286249
List the prime factors of 194317599.
3, 7, 17, 37, 47, 313
List the prime factors of 38018696.
2, 19, 250123
List the prime factors of 411158345.
5, 13, 17, 83, 4483
What are the prime factors of 60559970?
2, 5, 47, 269, 479
List the prime factors of 3448609494.
2, 3, 11, 17, 37, 83071
What are the prime factors of 62334493?
13, 4794961
List the prime factors of 34770377.
1559, 22303
What are the prime factors of 23183189?
17, 1363717
List the prime factors of 35563465.
5, 7, 379, 383
What are the prime factors of 146290158?
2, 3, 7, 19, 20369
What are the prime factors of 66137240?
2, 5, 13, 193, 659
List the prime factors of 98674981.
43, 2294767
What are the prime factors of 342332509?
342332509
List the prime factors of 596566297.
101, 229, 25793
What are the prime factors of 1793826041?
7, 67, 1601, 2389
List the prime factors of 860481414.
2, 3, 13, 7253
List the prime factors of 70875683.
37, 139, 13781
What are the prime factors of 94928333?
94928333
What are the prime factors of 10588065?
3, 5, 705871
List the prime factors of 119809426.
2, 11, 223, 24421
What are the prime factors of 541266901?
7, 1973, 39191
What are the prime factors of 5479570193?
1033, 5304521
List the prime factors of 6376534.
2, 101, 31567
What are the prime factors of 65065790?
2, 5, 59, 110281
What are the prime factors of 2833056237?
3, 11, 19, 4518431
List the 